ighest common factor of 4 and d.
4
Suppose 0*c = -5*c + 70. Let d(n) = 5*n**2 + 2*n - 17. Suppose 0 = 2*g - 3*g - 5. Let u be d(g). What is the highest common factor of c and u?
14
Let j be (10/(-6))/((-42)/1512). Calculate the highest common factor of 165 and j.
15
Suppose 31*v = 139 + 47. What is the greatest common factor of 246 and v?
6
Suppose -j = 2*j - 21. Let a(o) = 12*o - 9. Let l be a(j). Calculate the greatest common divisor of 30 and l.
15
Suppose 9*x + 5 + 130 = 0. Let h be (1 + -23)*(13 + x). Calculate the greatest common divisor of h and 110.
22
Suppose 0 = -2*w - 0*w + 4. Let p = w - 0. Let d be 4*(-2 + -2 + 0)/(-2). What is the highest common divisor of p and d?
2
Let y = 3 + 9. Suppose 0 = 22*o - 24801 + 23217. Calculate the greatest common factor of o and y.
12
Let j = 6 - -1. Suppose 0*d - 3*u - 1 = 2*d, -4*d - 3*u + j = 0. What is the greatest common factor of d and 8?
4
Let n be (-2)/(-12) + (-14733)/(-54). Calculate the greatest common divisor of 78 and n.
39
Let w be -2 - ((-4)/6 + (-47)/(-3)). Let t = w + 59. What is the highest common factor of t and 420?
42
Suppose 23 = 2*f - 17. Suppose 783 = 5*b - 2*b. Let r = b + -101. Calculate the greatest common factor of r and f.
20
Suppose j = 4*j + 3, 5*l + j = 249. Let c be (-307 - -306) + (12*-1)/(-2). Calculate the highest common divisor of c and l.
5
Let w be (35 - 5)/(-6)*(-4 + -6). Calculate the highest common divisor of w and 40.
10
Suppose 216*h - 189 = 207*h. Calculate the greatest common divisor of h and 259.
7
Suppose 3*c - d - 33 = c, c + 5*d = -11. Calculate the greatest common factor of c and 119.
7
Let m be (-308)/275*-70 + 4/(-10). What is the greatest common divisor of m and 442?
26
Let a be (-44)/(-8)*-2 - -4. Let g be a/(-2) - 6/(-12). What is the greatest common divisor of 36 and g?
4
Let r(i) = 2*i**2 + i + 3. Let j be r(4). Suppose 0*a = a - j. Suppose 2*k = -k + a. Calculate the greatest common factor of k and 13.
13
Let c(f) = 33*f - 31. Let n be c(10). Suppose -3*h - 59 = -n. Suppose -2*b - 20 = -3*b. What is the highest common divisor of b and h?
20
Let u = 31 + -21. Let d = 14 - u. Suppose -d*z + 130 = 2*n, 3*z + 5*n - 45 = 35. What is the highest common divisor of z and 14?
7
Suppose -5*h + 1599 = 2*l, 0 = 3*h + 4*l - 622 - 343. What is the greatest common factor of 58 and h?
29
Suppose 392 = 7*g + 21*g. Calculate the highest common divisor of 126 and g.
14
Suppose -2*f + 3*o - 1 = 0, 0 = -6*f + 3*f - o - 18. Let j = -5 - f. Suppose j = -4*t + 50 + 14. What is the greatest common divisor of 176 and t?
16
Let q = 211 - 192. Calculate the highest common factor of q and 361.
19
Let l = 780 - 772. Suppose -o + 3 = -1. What is the greatest common divisor of o and l?
4
Let w be ((-3)/2)/(-5*3/170). What is the highest common factor of 1 and w?
1
Let j(l) = 4*l**2 + 9*l - 3. Let q be j(-6). Calculate the greatest common factor of q and 232.
29
Let l be (9/(-2))/(6/(-8)). Let b be l + -4 + 4 + 10. Suppose -66 = -3*t + 4*s + 194, 5*s = 3*t - 265. What is the highest common factor of t and b?
16
Let s = -139 - -137. Let b be ((-3)/2 + 1)/(s/76). What is the greatest common divisor of 247 and b?
19
Let u = 96 - 94. Suppose -16 = -5*t + t. Let d = -3 + t. Calculate the highest common factor of u and d.
1
Suppose 3*o + k + 4*k = 897, 1532 = 5*o - 4*k. Calculate the highest common factor of o and 16.
16
Suppose -12*o + 927 = 75. Calculate the highest common divisor of o and 497.
71
Let n(m) = -m**3 - 4*m**2 - 4*m. Let j be n(-4). Suppose 2*t + 4*t = 132. Let k be (t/55)/(1/80). What is the greatest common divisor of k and j?
16
Let b(j) = -2*j**3 - 8*j**2 - 3*j + 5. Let c be b(-4). Suppose -11 - 4 = 5*k. Let h be (-3 + 6)/(k/(-136)). What is the greatest common divisor of c and h?
17
Let k = 5 - 2. Let h(i) = -i + 7. Let v be h(k). Suppose 3*u - 2 = -2*b, u + v = -u - 4*b. Calculate the highest common factor of 20 and u.
2
Let i = -340 - -765. What is the highest common divisor of 25 and i?
25
Let u be 272/40*(-1 + -9). Let n = u - -134. Let i(w) = w**2 - w + 6. Let f be i(0). What is the greatest common divisor of f and n?
6
Let m be 21/(-9)*-8 - 24/(-72). Calculate the highest common factor of 38 and m.
19
Let n = 4 + 15. Suppose -17 = -4*i + n. Calculate the greatest common divisor of 6 and i.
3
Suppose 28 - 26 = 2*m, 2*q = 2*m + 412. What is the greatest common factor of 3 and q?
3
Let w = -1747 - -1783. What is the highest common divisor of 342 and w?
18
Let z be 6 + (2 - -1) + 0. What is the highest common factor of z and 441?
9
Let o(b) = 2*b**2 + 12*b + 22. Let m be o(-7). What is the greatest common divisor of 84 and m?
12
Let o(u) = -3*u**2 - 31*u + 2. Let k(r) = r**2 + 10*r - 1. Let z(d) = -7*k(d) - 2*o(d). Let b be z(-6). Calculate the highest common divisor of 6 and b.
3
Suppose -4*q + 87 = 5*u, 4*u + 5*q - 7*q = 54. Calculate the greatest common divisor of u and 1185.
15
Let j(b) = b + 9. Let w be j(0). Suppose 15*g - 37 = 8. Calculate the greatest common divisor of g and w.
3
Let i(d) = -3*d - 2. Let c be i(-5). Suppose 103 + 92 = 3*z. What is the greatest common factor of z and c?
13
Let q = 7 - 38. Let r = 43 + q. What is the greatest common divisor of r and 6?
6
Let k be (19 - 15) + -326 + 1. Let p = k + 552. Calculate the highest common divisor of p and 21.
21
Let m be 3 + (0 + -2 - -17). Let h = 24 - m. Let s = 6 + h. What is the highest common divisor of s and 108?
12
Let i(n) = -1 - 54*n + 2 + 16*n. Let a be i(-1). Suppose -h - 27 - 49 = -3*v, 5*h - 114 = -4*v. What is the highest common divisor of a and v?
13
Let g be (-2)/8*-102*2. Let q be g - (0 - 1) - 4. What is the greatest common factor of 6 and q?
6
Suppose 2*k - 50 = -0*k. Suppose 5*j - 3*v - 117 = 0, -4*v + k = 4*j - 43. Let d = 98 - j. What is the greatest common divisor of 11 and d?
11
Let f be (774/(-9) - -5)*-1. What is the greatest common divisor of f and 189?
27
Let z(u) = 2*u**2 - 2*u - 6. Let w(h) = -h**2. Let k(m) = -4*w(m) - z(m). Let b be k(-4). What is the greatest common factor of 12 and b?
6
Let l be (12/(-10))/((-3)/50). Let g be 1 - (-556)/(-5 - -1)*-1. What is the highest common divisor of g and l?
20
Let s(y) = -y + 13. Let j be s(10). Let l be (-3 + -24)*(-4)/4. Suppose 2*w = 3*w - l. What is the greatest common factor of w and j?
3
Let k = -3166 - -3201. Suppose 16 = 3*i - 2*v - 3*v, -v - 6 = -2*i. Suppose 8 + 6 = i*q. What is the greatest common factor of k and q?
7
Let i(k) = -k**3 + 26*k**2 - 6*k + 162. Let d be i(18). What is the highest common factor of d and 9?
9
Let z(q) = q**2 - 12*q + 4. Let l(y) = -y. Let t(g) = 4*l(g) - z(g). Let w be t(5). Let i = w - 5. What is the greatest common divisor of i and 6?
6
Suppose 4*i - 3*k = 56 - 1, 5*k + 25 = 0. What is the highest common factor of 290 and i?
10
Suppose -3*f = -f - 96. Let c = -1 + 4. Suppose m - 3*i - i - 22 = 0, -c*i - 42 = -5*m. Calculate the highest common factor of m and f.
6
Let t(l) = -l**2 - 19*l + 45. Let g be t(-21). Let r(y) = y**2 + 8*y - 5. Let n be r(-10). Calculate the highest common factor of n and g.
3
Suppose 4*l - 3*g - 135 = l, l = 5*g + 29. Let t = -2 - -7. Suppose -2*i + 14 = 4*r, -t*i + r - 5*r = -35. Calculate the greatest common factor of l and i.
7
Let x be (-2)/(-2) + -2 + 4*11. Suppose -x = -3*d + 95. Calculate the highest common factor of d and 23.
23
Let l(u) = u**2 + 47*u + 132. Let t be l(-59). Calculate the greatest common factor of t and 80.
40
Let u = -97 + 124. Suppose -2*g + u = -g - 4*v, -46 = -2*g + 4*v. Calculate the highest common divisor of g and 209.
19
Let o(l) = l**2 + 22*l - 27. Let u be o(-22). Let p = 39 + u. Suppose -312 = -4*s + 72. Calculate the highest common divisor of p and s.
12
Suppose 0 = -a - 2*v + 16 + 4, 3*a - 3*v = 15. Calculate the highest common factor of 15 and a.
5
Let k = 3 + -1. Suppose 47 = 38*i + 9. Calculate the greatest common factor of k and i.
1
Let k be (-46)/(((-2)/3)/1). Suppose -11 - k = -5*b. Suppose 0 = 2*j + 3*u - 166, j - 4*u - 26 = 46. Calculate the highest common divisor of j and b.
16
Let i(k) = 3*k**2 + k + 4. Suppose 2*s = 2*f - s, 4*s - 8 = 0. Let d be i(f). Suppose -84 = -5*a - d. What is the greatest common divisor of a and 25?
5
Let i(m) = m**3 - 7*m**2 + 4*m + 1. Let u(d) = 2*d - 4. Let c be u(5). Let p b